15 + -2203. List the prime factors of a.
2, 3, 47
Let k be (3 + -5)/(2*(-1)/201). Let d = -48 + k. List the prime factors of d.
3, 17
Suppose -786 = -o - 4*c, 0 = 5*c + 21 - 1. What are the prime factors of o?
2, 401
Let q(l) = 2*l**2 - 9*l + 2. Suppose -5 = 2*v + n + 2*n, 4*v - 40 = 4*n. List the prime factors of q(v).
7
Suppose 20 + 0 = 5*y. Let u be (4/y + 0)*-30. Let n = u + 44. List the prime factors of n.
2, 7
Let v(f) = 87*f**2 + f - 2. What are the prime factors of v(2)?
2, 3, 29
List the prime factors of (-3 + 157)/(10/35).
7, 11
Let t(v) = 20*v**2 - 15*v - 11. Let p be t(-5). Suppose -4*n + 302 = 2*r, -125 = 3*r - n - p. List the prime factors of r.
3, 7
What are the prime factors of (-8)/(-12)*(-2316)/32*-12?
3, 193
Let r(o) = -19*o**2 + 18*o - 1. Let w(p) = 6*p**2 - 6*p. Let c(t) = -2*r(t) - 7*w(t). Let q be c(5). Let d = q + 100. List the prime factors of d.
2
Let t be (-2)/4*(-7 + -3). Suppose -t*j - 4 = 4*i, 0 = -0*i - i - j - 1. What are the prime factors of (i - -3)/(14/399)?
3, 19
Let r(s) = -3*s**2 - 17*s - 1. List the prime factors of r(-5).
3
Suppose 0 = -2*i + 4, 5*q - 2*i = q + 3572. What are the prime factors of q?
2, 3, 149
Let x be (36/15)/(8/460). Suppose 3*l - 2*p - x = -7*p, 4*p + 216 = 4*l. List the prime factors of l.
3, 17
Let u(q) = q - 10. Let o be u(8). Let m(b) = -4*b - 5. Let k be m(o). List the prime factors of -2 + 188/4 - k.
2, 3, 7
Let j(t) = 4*t**3 + 28*t**2 - 282*t + 4. What are the prime factors of j(10)?
2, 3, 83
Suppose -4*y + 3901 + 299 = 0. List the prime factors of y.
2, 3, 5, 7
Let p(d) = -d - 8. Let b be p(-10). Let a be b - (-2)/(-1) - -9. Suppose -a*j + 426 = -3*j. List the prime factors of j.
71
Suppose -4*h + 5*h + 2*r = 0, 4*h = -4*r. Suppose 2*p - p - 4 = h. Let s = 17 + p. What are the prime factors of s?
3, 7
Suppose 154 = 2*k - 0*c + 2*c, -4*k - 2*c + 298 = 0. Suppose 30 + k = 6*f. List the prime factors of f.
17
Suppose 5*o = -h + 3*h + 3575, -2*h = 4*o - 2878. Suppose 0 = -b + 4*b - o. List the prime factors of b.
239
Suppose 13776 = -137*m + 149*m. What are the prime factors of m?
2, 7, 41
Suppose -257 = -5*x + 3113. List the prime factors of x.
2, 337
Let n(j) be the third derivative of j**6/120 + 5*j**5/12 - j**4/6 - 13*j**3/3 + 22*j**2. What are the prime factors of n(-25)?
2, 37
Suppose 1241 = 2*v + 305. What are the prime factors of v?
2, 3, 13
Let u be ((-7 - -4) + 4)*-5. Let c = 8 + u. Suppose p - 71 = c*h + h, 5*p - 291 = 4*h. What are the prime factors of p?
5, 11
Suppose 3*g - 5628 = 5*j, -9*g = -4*g + 3*j - 9380. What are the prime factors of g?
2, 7, 67
Let j(y) = y**3 + 18*y**2 + 5*y + 3. Let q be j(-10). List the prime factors of q/(-8)*-2 + 9/(-36).
2, 47
Let f(d) be the first derivative of d**3 - 2*d**2 - 21*d - 15. List the prime factors of f(-5).
2, 37
Suppose 0*u - 32 = -8*u. Suppose 2*q + u*l + 10 = 0, 4*l - 12 = q - 37. List the prime factors of q.
5
Suppose -51*s = -44*s - 14. Suppose 5*n - 3*n = -5*c + 808, 4*c + s*n = 648. What are the prime factors of c?
2, 5
Suppose -17*p = -19*p + 224. Suppose 0 = -2*o + 42 + p. What are the prime factors of o?
7, 11
Let a = 181 - -306. List the prime factors of a.
487
Let a(x) = -x**3 - 10*x**2 + 20*x + 91. What are the prime factors of a(-21)?
2, 7, 17, 19
Let g be ((-12)/16)/3 + (-78)/(-24). Suppose -150 = -k + g*w, k + 3*w - 678 = -4*k. List the prime factors of k.
2, 3, 23
Let c be 27 + (25 + 5)/(-6). Suppose -c*u - 1594 = -7556. List the prime factors of u.
271
Let t(l) = -2*l**2 - 21*l + 3. What are the prime factors of t(-10)?
13
Let p be 2/(-9) - (-2)/9. Suppose 3*w = 6*g - 3*g - 606, p = -2*g + 3*w + 405. What are the prime factors of g?
3, 67
Let w(q) = 2*q**2 - 72*q - 19. What are the prime factors of w(-19)?
19, 109
Let w = -116 - -63. Let q = 103 + w. What are the prime factors of q?
2, 5
Let n = 3105 - 2192. What are the prime factors of n?
11, 83
Let n = 10 - 8. Suppose c - 30 = -5*r, 7*r - n*r = -2*c + 45. List the prime factors of c.
3, 5
Let o(y) = -39*y - 46. Let j(a) = -13*a - 15. Let p(z) = -17*j(z) + 6*o(z). What are the prime factors of p(-4)?
31
Suppose -41*g + 43*g - 320 = 0. List the prime factors of g.
2, 5
Let c(w) = 6*w**2 - 31*w - 112. What are the prime factors of c(-9)?
653
Let q(k) = -37*k - 95 - k**2 + 30 + 0*k**2. List the prime factors of q(-28).
11, 17
What are the prime factors of 3/(59584/(-11921) + 5)?
13, 131
Suppose 0 = -o - 1 - 0. Let y(c) = -c**2 + 4*c + 4. Let r(f) = f. Let m(v) = o*y(v) + 3*r(v). List the prime factors of m(-3).
2
Suppose 46*t - 50*t = -2720. What are the prime factors of t?
2, 5, 17
Let h(j) = -3*j**2 - 4*j + 1. Let z be h(-5). Let x be 9/15 + z/15. What are the prime factors of (-9)/3*10/x?
2, 5
Let u(l) = -2*l**3 - 4*l**2 + 53*l - 35. What are the prime factors of u(-13)?
2, 3, 499
Suppose 5*n = -3*d - 10, d = 6*d - 4*n - 8. What are the prime factors of (1 - d)*(-810)/(-15)?
2, 3
Let h(x) be the first derivative of 8/3*x**3 + 2 - 1/4*x**4 - 7*x + 6*x**2. What are the prime factors of h(9)?
2, 5
Suppose -3*p + 6*p - 2*l + 8 = 0, -p - 31 = 5*l. Let w(z) = -4*z + 13. What are the prime factors of w(p)?
37
Let r = 300 + -57. Let q = -32 + r. What are the prime factors of q?
211
Let g(n) = 14*n**2 + 3*n + 4. Suppose -4*a - 3*o + 7*o = 8, -18 = -a - 3*o. Let p be (4/a)/((-18)/27). What are the prime factors of g(p)?
2, 3
Suppose -5*w - 76 - 1239 = -f, -2*w = -4. What are the prime factors of f?
5, 53
Suppose 0 = -x + 4*s - 8*s + 3370, 5*x = 2*s + 16828. What are the prime factors of x?
2, 3, 11, 17
Let q = -5 - -8. Suppose -57 = -3*j - 2*y, 0*j = 5*j + 3*y - 94. Suppose -j = -q*r - 8. What are the prime factors of r?
3
Suppose 5*m + 405 = q, q + 34 = 3*m + 441. What are the prime factors of q?
2, 5, 41
Let x = -14 - -13. Let j be 194/5 + x/(-5). Suppose 4*t = -o - 4*o + 193, o + t = j. What are the prime factors of o?
37
Suppose -95*x + 545685 - 112770 = 0. List the prime factors of x.
3, 7, 31
Let b be (-13)/((-13)/(-16686)) - (-6)/(-3). List the prime factors of (-1)/(-3) - b/84.
199
Suppose 6*z = 2*z - 3*f + 129, -z = 5*f - 11. What are the prime factors of z?
2, 3
Suppose -3952 = -0*m + 2*m. What are the prime factors of (-2)/(-8) + m/(-32)?
2, 31
Let y be (-582 + 1/(-1))*-1. Suppose 0*u = -4*u - 4*z + 584, -y = -4*u - 3*z. List the prime factors of u.
5, 29
Let k = -208 + 545. What are the prime factors of k?
337
Let c be 2/(-5) + (-4)/(-10)*-14. Let k(v) = v**3 + 12*v**2 + v + 1. List the prime factors of k(c).
211
Suppose -2*p + 6*p = -4*s + 3344, -2508 = -3*s + p. List the prime factors of s.
2, 11, 19
Let l(v) = -18*v + 11. Let u be 3 + -2 + -3 + -3. What are the prime factors of l(u)?
101
List the prime factors of 26/((-190)/750 - 3/(-9)).
5, 13
Let c(z) = 3*z**2 - 12*z + 14. Let l be c(12). Suppose -2*o + 60 = -l. List the prime factors of o.
181
Suppose 0 = 4*o + 4, -515 - 104 = -m + 2*o. List the prime factors of m.
617
Let z be (-38)/(-14) + 4/14. Let v be 234/(-27)*(0 - z). Let o = v + 11. List the prime factors of o.
37
Let s = 19 + -13. Let i be 12/(-10)*(-40)/s. List the prime factors of (2 - 2) + 1 + i.
3
Let f(c) = c**3 + 23*c**2 + 18*c - 51. List the prime factors of f(-22).
37
Let b(s) = 16*s**2 + 11*s - 26. Let x(h) = 5 - 8*h + 2*h + 4*h - 3*h**2. Let j(n) = -2*b(n) - 11*x(n). What are the prime factors of j(-4)?
13
Let d = 76 + -68. Suppose 11*p = d*p + 219. List the prime factors of p.
73
Let m = 31 + -28. Suppose 0 = m*o - t - 280 - 292, -2*o + 388 = t. List the prime factors of o.
2, 3
Let n(k) be the first derivative of k**3/3 + 7*k**2/2 + 4*k - 6. Let m(j) be the first derivative of n(j). List the prime factors of m(8).
23
Let y be 3*(56/3)/4. Suppose y - 2 = 3*l. Suppose -9*b + 100 = -l*b. List the prime factors of b.
2, 5
Suppose 0 = -0*t + 2*t - 4, 0 = -3*s - 4*t + 2. Suppose -63 = 2*p - 4*o + 305, 5*o + 350 = -2*p. What are the prime factors of p/(-8) + s/(-4)?
23
Let v(f) be the first derivative of 11*f**2/2 + 19*f + 8. List the prime factors of v(10).
3, 43
Suppose 0 = -c - 2*t + 2, -c = 4*c + 3*t - 3. Suppose 4*k = -c*k + 56. List the prime factors of k.
2, 7
Suppose -5*d = -q - 3*q - 335, -3*d + 184 = q. What are the prime factors of d?
3, 7
Let f be ((-4)/(-6))/(2/6). What are the prime factors of f/(-6) + 1356/18?
3, 